{"id":307,"date":"2020-01-13T11:17:52","date_gmt":"2020-01-13T11:17:52","guid":{"rendered":"https:\/\/demosites.io\/web-agency-gb\/?page_id=5"},"modified":"2023-10-03T15:00:08","modified_gmt":"2023-10-03T15:00:08","slug":"15c42-web-agency-gb-home","status":"publish","type":"page","link":"https:\/\/pampaventures.com\/","title":{"rendered":"Home"},"content":{"rendered":"\n<div class=\"wp-block-cover alignfull is-light\" style=\"min-height:700px\"><span aria-hidden=\"true\" class=\"wp-block-cover__background has-background-dim-0 has-background-dim\"><\/span><img decoding=\"async\" loading=\"lazy\" width=\"1366\" height=\"768\" class=\"wp-block-cover__image-background wp-image-109\" alt=\"\" src=\"http:\/\/pampaventures.com\/wp-content\/uploads\/2020\/07\/web-design-studio-01.jpg.jpg\" style=\"object-position:50% 64%\" data-object-fit=\"cover\" data-object-position=\"50% 64%\" srcset=\"https:\/\/pampaventures.com\/wp-content\/uploads\/2020\/07\/web-design-studio-01.jpg.jpg 1366w, https:\/\/pampaventures.com\/wp-content\/uploads\/2020\/07\/web-design-studio-01.jpg-300x169.jpg 300w\" sizes=\"(max-width: 1366px) 100vw, 1366px\" \/><div class=\"wp-block-cover__inner-container\">\n<div style=\"height:80px\" aria-hidden=\"true\" class=\"wp-block-spacer\"><\/div>\n\n\n\n<h1 class=\"wp-block-heading has-text-align-center has-text-color\" style=\"color:#121212\">Pampa Ventures<\/h1>\n\n\n\n<p class=\"has-text-align-center has-text-color\" style=\"color:#121212;font-size:17px\">Tu <em>partner <\/em>de confianza en la creaci\u00f3n de nuevas verticales de negocio. <\/p>\n\n\n\n<p class=\"has-text-align-center has-text-color\" style=\"color:#121212;font-size:17px\">Te acompa\u00f1amos en todo el proceso, desde la conceptualizaci\u00f3n hasta su implementaci\u00f3n. Con asesor\u00eda en estrategia y operaciones.<\/p>\n\n\n\n<div class=\"wp-block-buttons is-horizontal is-content-justification-center is-layout-flex wp-container-1\">\n<div class=\"wp-block-button is-style-primary\"><a class=\"wp-block-button__link wp-element-button\" href=\"https:\/\/pampaventures.com\/index.php\/15c42-web-agency-gb-about-us\/\">CONOCENOS<\/a><\/div>\n\n\n\n<div class=\"wp-block-button is-style-secondary\"><a class=\"wp-block-button__link wp-element-button\" href=\"https:\/\/pampaventures.com\/index.php\/15c42-web-agency-gb-contact-us\/\">CONTACTANOS<\/a><\/div>\n<\/div>\n\n\n\n<div style=\"height:80px\" aria-hidden=\"true\" class=\"wp-block-spacer\"><\/div>\n\n\n\n<div style=\"height:80px\" aria-hidden=\"true\" class=\"wp-block-spacer\"><\/div>\n<\/div><\/div>\n\n\n\n<div style=\"height:80px\" aria-hidden=\"true\" class=\"wp-block-spacer\"><\/div>\n\n\n\n<div class=\"wp-block-columns is-layout-flex wp-container-5\">\n<div class=\"wp-block-column is-layout-flow\"><div class=\"wp-block-image icon-style is-style-rounded\">\n<figure class=\"aligncenter size-large\"><img decoding=\"async\" loading=\"lazy\" width=\"72\" height=\"72\" src=\"http:\/\/pampaventures.com\/wp-content\/uploads\/2020\/01\/neve-webdesign-GB-03.png\" alt=\"\" class=\"wp-image-20\" title=\"\"\/><\/figure><\/div>\n\n\n<div style=\"height:20px\" aria-hidden=\"true\" class=\"wp-block-spacer\"><\/div>\n\n\n\n<h3 class=\"wp-block-heading has-text-align-center has-neve-text-color-color has-text-color\">Proyectos Personalizados<\/h3>\n\n\n\n<p class=\"has-text-align-center\">Lo m\u00e1s importante para nosotros es hacer realidad <strong>tus <\/strong>sue\u00f1os.<\/p>\n\n\n\n<div style=\"height:20px\" aria-hidden=\"true\" class=\"wp-block-spacer\"><\/div>\n<\/div>\n\n\n\n<div class=\"wp-block-column is-layout-flow\"><div class=\"wp-block-image icon-style is-style-rounded\">\n<figure class=\"aligncenter size-large\"><img decoding=\"async\" loading=\"lazy\" width=\"72\" height=\"72\" src=\"http:\/\/pampaventures.com\/wp-content\/uploads\/2020\/01\/neve-webdesign-GB-04.png\" alt=\"\" class=\"wp-image-21\"\/><\/figure><\/div>\n\n\n<div style=\"height:20px\" aria-hidden=\"true\" class=\"wp-block-spacer\"><\/div>\n\n\n\n<h3 class=\"wp-block-heading has-text-align-center has-neve-text-color-color has-text-color\">Equipo Especializado<\/h3>\n\n\n\n<p class=\"has-text-align-center\">De ser necesario, buscamos el mejor equipo para tu proyecto en particular.<\/p>\n\n\n\n<div style=\"height:20px\" aria-hidden=\"true\" class=\"wp-block-spacer\"><\/div>\n<\/div>\n\n\n\n<div class=\"wp-block-column is-layout-flow\"><div class=\"wp-block-image icon-style is-style-rounded\">\n<figure class=\"aligncenter size-large\"><img decoding=\"async\" loading=\"lazy\" width=\"72\" height=\"72\" src=\"http:\/\/pampaventures.com\/wp-content\/uploads\/2020\/01\/neve-webdesign-GB-01.png\" alt=\"\" class=\"wp-image-18\"\/><\/figure><\/div>\n\n\n<div style=\"height:20px\" aria-hidden=\"true\" class=\"wp-block-spacer\"><\/div>\n\n\n\n<h3 class=\"wp-block-heading has-text-align-center has-neve-text-color-color has-text-color\">Compromiso<\/h3>\n\n\n\n<p class=\"has-text-align-center\">Trabajamos a la par de nuestros clientes para lograr los mejores resultados.<\/p>\n\n\n\n<div style=\"height:20px\" aria-hidden=\"true\" class=\"wp-block-spacer\"><\/div>\n<\/div>\n<\/div>\n\n\n\n<div style=\"height:80px\" aria-hidden=\"true\" class=\"wp-block-spacer\"><\/div>\n\n\n\n<div class=\"wp-block-cover alignfull\" style=\"min-height:600px\"><span aria-hidden=\"true\" class=\"wp-block-cover__background has-nv-light-bg-background-color has-background-dim-100 has-background-dim\"><\/span><div class=\"wp-block-cover__inner-container\">\n<h2 class=\"wp-block-heading has-text-align-left has-neve-text-color-color has-text-color\">Nuestros servicios<\/h2>\n\n\n\n<div style=\"height:49px\" aria-hidden=\"true\" class=\"wp-block-spacer\"><\/div>\n\n\n\n<p class=\"has-text-align-left has-neve-text-color-color has-text-color\" style=\"font-size:17px\">Nuestro enfoque se basa en brindar un <strong>apoyo integral y confiable a nuestros clientes<\/strong>, actuando como su <strong>representante de confianza y colaborador estrat\u00e9gico<\/strong>. A trav\u00e9s de nuestra amplia experiencia en el \u00e1mbito empresarial y en la generaci\u00f3n de ideas innovadoras, ofrecemos los siguientes servicios:<\/p>\n\n\n\n<div style=\"height:57px\" aria-hidden=\"true\" class=\"wp-block-spacer\"><\/div>\n\n\n\n<p class=\"has-text-align-left has-neve-text-color-color has-text-color\" style=\"font-size:17px\"><strong>Generaci\u00f3n de ideas de negocio:<\/strong> Trabajamos estrechamente con nuestros clientes para identificar nuevas oportunidades de negocio y desarrollar ideas innovadoras que se ajusten a sus objetivos y visi\u00f3n.<\/p>\n\n\n\n<p class=\"has-text-align-left has-neve-text-color-color has-text-color\" style=\"font-size:17px\"><strong>Evaluaci\u00f3n de viabilidad: <\/strong>Realizamos un an\u00e1lisis detallado de las ideas propuestas, evaluando su viabilidad t\u00e9cnica, financiera y de mercado. Esto nos permite determinar su potencial de \u00e9xito y hacer recomendaciones s\u00f3lidas.<\/p>\n\n\n\n<p class=\"has-text-align-left has-neve-text-color-color has-text-color\" style=\"font-size:17px\"><strong>Planificaci\u00f3n estrat\u00e9gica:<\/strong> Elaboramos planes de negocio s\u00f3lidos y detallados que incluyen objetivos claros, estrategias de implementaci\u00f3n y un an\u00e1lisis exhaustivo de los riesgos y oportunidades asociados.<\/p>\n\n\n\n<p class=\"has-text-align-left has-neve-text-color-color has-text-color\" style=\"font-size:17px\">I<strong>mplementaci\u00f3n y gesti\u00f3n de proyectos:<\/strong> Nos encargamos de poner en marcha las ideas de negocio aprobadas, gestionando todas las etapas del proyecto. Coordinamos equipos, supervisamos plazos y aseguramos un seguimiento riguroso para alcanzar los resultados deseados.<\/p>\n\n\n\n<p class=\"has-text-align-left has-neve-text-color-color has-text-color\" style=\"font-size:17px\"><strong>Representaci\u00f3n y negociaci\u00f3n:<\/strong> Actuamos como representantes de nuestros clientes, negociando acuerdos comerciales, estableciendo alianzas estrat\u00e9gicas y representando sus intereses de manera profesional en diversas interacciones empresariales.<\/p>\n\n\n\n<p class=\"has-text-align-left has-neve-text-color-color has-text-color\" style=\"font-size:17px\"><strong>Asesoramiento continuo:<\/strong> Brindamos orientaci\u00f3n y asesoramiento continuo a lo largo del proceso, adapt\u00e1ndonos a las necesidades cambiantes de nuestros clientes y ofreciendo soluciones efectivas para superar desaf\u00edos y maximizar oportunidades.<\/p>\n<\/div><\/div>\n\n\n\n<div class=\"wp-block-cover alignfull\" style=\"min-height:600px\"><span aria-hidden=\"true\" class=\"wp-block-cover__background has-nv-site-bg-background-color has-background-dim-100 has-background-dim\"><\/span><div class=\"wp-block-cover__inner-container\">\n<div class=\"wp-block-group is-layout-flow\"><div class=\"wp-block-group__inner-container\">\n<div style=\"height:80px\" aria-hidden=\"true\" class=\"wp-block-spacer\"><\/div>\n\n\n\n<div class=\"wp-block-columns are-vertically-aligned-center is-layout-flex wp-container-8\">\n<div class=\"wp-block-column is-vertically-aligned-center is-layout-flow\" style=\"flex-basis:50%\">\n<h2 class=\"wp-block-heading has-text-align-left has-neve-text-color-color has-text-color\">Nuestra Metodolog\u00eda<\/h2>\n\n\n\n<p class=\"has-text-align-left has-neve-text-color-color has-text-color\" style=\"font-size:17px\">Nuestro enfoque personalizado, nuestro compromiso con la integridad y nuestra pasi\u00f3n por el \u00e9xito empresarial nos distinguen. Trabajamos estrechamente con nuestros clientes, escuchando sus necesidades y adapt\u00e1ndonos a sus metas individuales. Al contratar nuestros servicios, los empresarios pueden tener la tranquilidad de saber que sus ideas de negocio est\u00e1n en buenas manos y que contar\u00e1n con un apoyo confiable y dedicado en todo momento. <\/p>\n\n\n\n<p class=\"has-text-align-left has-neve-text-color-color has-text-color\" style=\"font-size:17px\">Estamos aqu\u00ed para hacer realidad tus ideas de negocio y ayudarte a alcanzar el \u00e9xito!<\/p>\n\n\n\n<div style=\"height:40px\" aria-hidden=\"true\" class=\"wp-block-spacer\"><\/div>\n<\/div>\n\n\n\n<div class=\"wp-block-column is-vertically-aligned-center is-layout-flow\" style=\"flex-basis:50%\">\n<figure class=\"wp-block-image size-large\"><img decoding=\"async\" loading=\"lazy\" width=\"1024\" height=\"576\" src=\"https:\/\/pampaventures.com\/wp-content\/uploads\/2023\/10\/Fundacion-io-viajarseguro-mal-agudo-de-montana-1-1024x576.png\" alt=\"\" class=\"wp-image-397\" srcset=\"https:\/\/pampaventures.com\/wp-content\/uploads\/2023\/10\/Fundacion-io-viajarseguro-mal-agudo-de-montana-1-1024x576.png 1024w, https:\/\/pampaventures.com\/wp-content\/uploads\/2023\/10\/Fundacion-io-viajarseguro-mal-agudo-de-montana-1-300x169.png 300w, https:\/\/pampaventures.com\/wp-content\/uploads\/2023\/10\/Fundacion-io-viajarseguro-mal-agudo-de-montana-1-768x432.png 768w, https:\/\/pampaventures.com\/wp-content\/uploads\/2023\/10\/Fundacion-io-viajarseguro-mal-agudo-de-montana-1.png 1200w\" sizes=\"(max-width: 1024px) 100vw, 1024px\" \/><\/figure>\n<\/div>\n<\/div>\n\n\n\n<div style=\"height:40px\" aria-hidden=\"true\" class=\"wp-block-spacer\"><\/div>\n<\/div><\/div>\n<\/div><\/div>\n\n\n\n<div class=\"wp-block-cover alignfull\" style=\"min-height:600px\"><span aria-hidden=\"true\" class=\"wp-block-cover__background has-nv-dark-bg-background-color has-background-dim-100 has-background-dim\"><\/span><div class=\"wp-block-cover__inner-container\">\n<div class=\"wp-block-group is-layout-flow\"><div class=\"wp-block-group__inner-container\">\n<div style=\"height:80px\" aria-hidden=\"true\" class=\"wp-block-spacer\"><\/div>\n\n\n\n<div class=\"wp-block-columns are-vertically-aligned-center is-layout-flex wp-container-12\">\n<div class=\"wp-block-column is-vertically-aligned-center is-layout-flow\" style=\"flex-basis:50%\">\n<figure class=\"wp-block-image size-full\"><img decoding=\"async\" loading=\"lazy\" width=\"700\" height=\"525\" src=\"https:\/\/pampaventures.com\/wp-content\/uploads\/2023\/10\/raquetas-de-nieve-en-Penalara-1.jpg\" alt=\"\" class=\"wp-image-399\" srcset=\"https:\/\/pampaventures.com\/wp-content\/uploads\/2023\/10\/raquetas-de-nieve-en-Penalara-1.jpg 700w, https:\/\/pampaventures.com\/wp-content\/uploads\/2023\/10\/raquetas-de-nieve-en-Penalara-1-300x225.jpg 300w\" sizes=\"(max-width: 700px) 100vw, 700px\" \/><\/figure>\n<\/div>\n\n\n\n<div class=\"wp-block-column is-vertically-aligned-center is-layout-flow\" style=\"flex-basis:50%\">\n<h2 class=\"wp-block-heading has-text-align-left has-nv-text-dark-bg-color has-text-color\">Nuestros valores<\/h2>\n\n\n\n<p><strong>Compromiso:<\/strong> pensamos como parte de tu equipo.<\/p>\n\n\n\n<p class=\"has-text-align-left has-nv-text-dark-bg-color has-text-color\" style=\"font-size:17px\"><strong>Trasparencia: <\/strong>validaremos contigo todas las decisiones y estamos a disposici\u00f3n para cualquier consulta a lo largo del proceso.<\/p>\n\n\n\n<p><strong>Colaboraci\u00f3n:<\/strong> trabajo con equipos personalizados y especializados, para lograr los mejores resultados.<\/p>\n\n\n\n<p><strong>Honestidad:<\/strong> nos gusta establecer relaciones duraderas, por lo que seremos honestos y objetivos contigo en todo momento.<\/p>\n<\/div>\n<\/div>\n\n\n\n<div style=\"height:50px\" aria-hidden=\"true\" class=\"wp-block-spacer\"><\/div>\n<\/div><\/div>\n<\/div><\/div>\n\n\n\n<div class=\"wp-block-cover alignfull\" style=\"min-height:420px\"><span aria-hidden=\"true\" class=\"wp-block-cover__background has-nv-light-bg-background-color has-background-dim-100 has-background-dim\"><\/span><div class=\"wp-block-cover__inner-container\">\n<div style=\"height:80px\" aria-hidden=\"true\" class=\"wp-block-spacer\"><\/div>\n\n\n\n<div class=\"wp-block-columns is-layout-flex wp-container-17\">\n<div class=\"wp-block-column ticss-4ce656f1 is-layout-flow\">\n<figure class=\"wp-block-image size-full is-resized is-style-rounded\"><img decoding=\"async\" loading=\"lazy\" src=\"https:\/\/pampaventures.com\/wp-content\/uploads\/2023\/07\/gente-2.jpg\" alt=\"\" class=\"wp-image-374\" width=\"153\" height=\"153\" srcset=\"https:\/\/pampaventures.com\/wp-content\/uploads\/2023\/07\/gente-2.jpg 800w, https:\/\/pampaventures.com\/wp-content\/uploads\/2023\/07\/gente-2-300x300.jpg 300w, https:\/\/pampaventures.com\/wp-content\/uploads\/2023\/07\/gente-2-150x150.jpg 150w, https:\/\/pampaventures.com\/wp-content\/uploads\/2023\/07\/gente-2-768x768.jpg 768w\" sizes=\"(max-width: 153px) 100vw, 153px\" \/><\/figure>\n\n\n\n<div style=\"height:24px\" aria-hidden=\"true\" class=\"wp-block-spacer\"><\/div>\n\n\n\n<p class=\"has-text-align-left has-neve-text-color-color has-text-color\">\u201cPampa Ventures me ha ayudado a materializar una idea de inversi\u00f3n que ten\u00eda en mi cabeza por meses y no ten\u00eda el tiempo de llevar a cabo\u201d<\/p>\n\n\n\n<p class=\"has-neve-text-color-color has-text-color\">MARIA<\/p>\n\n\n\n<div style=\"height:20px\" aria-hidden=\"true\" class=\"wp-block-spacer\"><\/div>\n<\/div>\n\n\n\n<div class=\"wp-block-column ticss-f6fc7494 is-layout-flow\">\n<figure class=\"wp-block-image size-full is-resized is-style-rounded\"><img decoding=\"async\" loading=\"lazy\" src=\"https:\/\/pampaventures.com\/wp-content\/uploads\/2023\/07\/gente4.jpg\" alt=\"\" class=\"wp-image-378\" width=\"144\" height=\"144\" srcset=\"https:\/\/pampaventures.com\/wp-content\/uploads\/2023\/07\/gente4.jpg 800w, https:\/\/pampaventures.com\/wp-content\/uploads\/2023\/07\/gente4-300x300.jpg 300w, https:\/\/pampaventures.com\/wp-content\/uploads\/2023\/07\/gente4-150x150.jpg 150w, https:\/\/pampaventures.com\/wp-content\/uploads\/2023\/07\/gente4-768x768.jpg 768w\" sizes=\"(max-width: 144px) 100vw, 144px\" \/><\/figure>\n\n\n\n<div style=\"height:24px\" aria-hidden=\"true\" class=\"wp-block-spacer\"><\/div>\n\n\n\n<p class=\"has-text-align-left has-neve-text-color-color has-text-color\">\u201cCrearon y lanzaron mi tienda online y ya estoy generando ingresos extra con ella\u201d<\/p>\n\n\n\n<p class=\"has-neve-text-color-color has-text-color\">WILLIE<\/p>\n\n\n\n<div style=\"height:20px\" aria-hidden=\"true\" class=\"wp-block-spacer\"><\/div>\n<\/div>\n\n\n\n<div class=\"wp-block-column ticss-a5b4df29 is-layout-flow\">\n<figure class=\"wp-block-image size-full is-resized is-style-rounded\"><img decoding=\"async\" loading=\"lazy\" src=\"https:\/\/pampaventures.com\/wp-content\/uploads\/2023\/07\/gente5.jpg\" alt=\"\" class=\"wp-image-379\" width=\"135\" height=\"135\" srcset=\"https:\/\/pampaventures.com\/wp-content\/uploads\/2023\/07\/gente5.jpg 500w, https:\/\/pampaventures.com\/wp-content\/uploads\/2023\/07\/gente5-300x300.jpg 300w, https:\/\/pampaventures.com\/wp-content\/uploads\/2023\/07\/gente5-150x150.jpg 150w\" sizes=\"(max-width: 135px) 100vw, 135px\" \/><\/figure>\n\n\n\n<div style=\"height:24px\" aria-hidden=\"true\" class=\"wp-block-spacer\"><\/div>\n\n\n\n<p class=\"has-text-align-left has-neve-text-color-color has-text-color\">\u201cQuer\u00eda comenzar a hacer compras y reformas de pisos en Barcelona y Pampa Ventures me ha ayudado a seleccionar las mejores opciones. Tambi\u00e9n a gestionar la obra, as\u00ed como crear mis redes sociales\u201d<\/p>\n\n\n\n<p class=\"has-neve-text-color-color has-text-color\">MARC<\/p>\n\n\n\n<div style=\"height:20px\" aria-hidden=\"true\" class=\"wp-block-spacer\"><\/div>\n<\/div>\n<\/div>\n\n\n\n<div style=\"height:30px\" aria-hidden=\"true\" class=\"wp-block-spacer\"><\/div>\n<\/div><\/div>\n\n\n\n<div class=\"wp-block-cover alignfull\" style=\"min-height:300px\"><span aria-hidden=\"true\" class=\"wp-block-cover__background has-nv-dark-bg-background-color has-background-dim-100 has-background-dim\"><\/span><div class=\"wp-block-cover__inner-container\">\n<div style=\"height:140px\" aria-hidden=\"true\" class=\"wp-block-spacer\"><\/div>\n\n\n\n<h3 class=\"wp-block-heading has-text-align-center has-nv-text-dark-bg-color has-text-color\">Ponte en contacto para comenzar tu pr\u00f3ximo proyecto<\/h3>\n\n\n\n<div class=\"wp-block-buttons is-horizontal is-content-justification-center is-layout-flex wp-container-18\">\n<div class=\"wp-block-button is-style-primary\"><a class=\"wp-block-button__link wp-element-button\" href=\"https:\/\/pampaventures.com\/index.php\/15c42-web-agency-gb-contact-us\/\">CONTACTO<\/a><\/div>\n<\/div>\n\n\n\n<div style=\"height:140px\" aria-hidden=\"true\" class=\"wp-block-spacer\"><\/div>\n<\/div><\/div>\n","protected":false},"excerpt":{"rendered":"<p>Proyectos Personalizados Lo m\u00e1s importante para nosotros es hacer realidad tus sue\u00f1os. Equipo Especializado De ser necesario, buscamos el mejor equipo para tu proyecto en particular. Compromiso Trabajamos a la par de nuestros clientes para lograr los mejores resultados.<\/p>\n","protected":false},"author":1,"featured_media":0,"parent":0,"menu_order":0,"comment_status":"closed","ping_status":"closed","template":"","meta":{"neve_meta_sidebar":"default","neve_meta_container":"default","neve_meta_enable_content_width":"on","neve_meta_content_width":100,"neve_meta_title_alignment":"","neve_meta_author_avatar":"","neve_post_elements_order":"","neve_meta_disable_header":"","neve_meta_disable_footer":"","neve_meta_disable_title":"on","_themeisle_gutenberg_block_has_review":false,"_ti_tpc_template_sync":false,"_ti_tpc_template_id":"5udqur826ojgsxrmsxsc"},"_links":{"self":[{"href":"https:\/\/pampaventures.com\/index.php\/wp-json\/wp\/v2\/pages\/307"}],"collection":[{"href":"https:\/\/pampaventures.com\/index.php\/wp-json\/wp\/v2\/pages"}],"about":[{"href":"https:\/\/pampaventures.com\/index.php\/wp-json\/wp\/v2\/types\/page"}],"author":[{"embeddable":true,"href":"https:\/\/pampaventures.com\/index.php\/wp-json\/wp\/v2\/users\/1"}],"replies":[{"embeddable":true,"href":"https:\/\/pampaventures.com\/index.php\/wp-json\/wp\/v2\/comments?post=307"}],"version-history":[{"count":8,"href":"https:\/\/pampaventures.com\/index.php\/wp-json\/wp\/v2\/pages\/307\/revisions"}],"predecessor-version":[{"id":401,"href":"https:\/\/pampaventures.com\/index.php\/wp-json\/wp\/v2\/pages\/307\/revisions\/401"}],"wp:attachment":[{"href":"https:\/\/pampaventures.com\/index.php\/wp-json\/wp\/v2\/media?parent=307"}],"curies":[{"name":"wp","href":"https:\/\/api.w.org\/{rel}","templated":true}]}}